x) = -29*x + 6. Suppose 50*c - 1457 + 1407 = 0. Determine l(c).
-23
Let x(b) = -208 - 102 + 2*b + 331. Give x(12).
45
Suppose 11*q - 100 = -23. Let f(g) = -q + g + 19 + 0*g**3 + g**3 + g**2 + 5. What is f(0)?
17
Let w(a) = 0 + a + a - 6. Let u be 15/20*1 + (-63)/(-28). Let z(v) = 8*v - 16. Let t be z(u). What is w(t)?
10
Let h(j) = 0*j**2 - j**2 + 18417029*j - 13 - 18417013*j. Give h(14).
15
Let g(x) = 3*x - 9. Let t(y) be the second derivative of -y**3/6 + 2*y**2 + 3*y - 16. Let d(z) = -g(z) - 4*t(z). Determine d(3).
-4
Suppose 0 = 3*j + 238 + 884. Let o be ((-2)/(-4))/(17/j). Let d(w) = -w**3 - 11*w**2 + w + 14. Let y be d(o). Let r(f) = -f**2 + 2*f + 3. Calculate r(y).
0
Suppose 5*f - 251 = 89. Let l = f - 19. Let y = l - 50. Let d(h) = -5*h**3 + h + 1. Give d(y).
5
Let w(o) = 9 + 16 + 34 - 3*o - 49. Calculate w(-14).
52
Let v(n) = -n**3 - 7*n**2 + 4*n - 1. Suppose 5*q = 1241 + 1714. Let b = q - 599. What is v(b)?
31
Let z = -506 + 508. Let l(k) = 57*k**2 - 25*k**z - 24*k**2 + 2 - k. Determine l(2).
32
Let r(l) = -2*l**2 + 3*l + 381. Let g be r(15). Let v(b) = -b**3 - 23*b**2 + 29*b + 124. Determine v(g).
4
Suppose 0*y - 4 = -y. Let d be (-1 + 13)/((-116)/(-58)). Let n(a) = -6*a - 3 - 17*a + 26*a + d. What is n(y)?
15
Suppose 7*j + 21 = 10*j. Suppose -44 = j*h - 18*h. Let c(v) = 4*v - 45 + 2*v + 7*v**2 - v**3 + 36 - h*v. Calculate c(7).
5
Let c(g) = -g**3 + 3*g**2 - 3*g + 4. Let s(z) = -z**2. Let v(t) = c(t) + 2*s(t). Let u be (138/(-33) - -4) + (1 - 27/33). Calculate v(u).
4
Let u(c) = c**2 - 27*c + 82. Let f be u(24). Let y(p) = -7*p**2 + 3*p - p**2 + 2 + 3*p**2 + f*p**2. Give y(-3).
38
Let p(g) = -g**2 + 9*g - 9. Suppose 5*h = -v + 24, 27 - 2 = -5*h. Suppose 10*m - 7*m + 135 = -3*w, 5*m = 4*w + 135. Let q = w + v. Give p(q).
-9
Let w(q) be the second derivative of -1/4*q**4 + q**2 + q**3 - 52 - q. Determine w(5).
-43
Let k(s) = s**2 + 2*s - 3. Let p = -31 - -10. Let x be (-19 - p) + (-1)/(2/16). Calculate k(x).
21
Let r(s) = s**3 + 16*s**2 + 54*s + 80. Let a be r(-12). Let p(d) = d**3 - 9*d**2 + 13*d - 18. Determine p(a).
22
Let z(k) = -2*k - 5. Let u(t) = -5*t**2 - t + 35. Let o be u(-5). Let a be 34/(-10) + 51/o. Determine z(a).
3
Let n(t) = -t**2 - 23*t - 133. Let h = 11378 - 11391. Determine n(h).
-3
Let p(t) = -13*t**2 + 1. Suppose -v - 8 + 10 = 0. Let c(s) = 2*s**2 - s - 4. Let u be c(v). Suppose -23 + 25 = u*k. Give p(k).
-12
Let t(g) = -3*g - 6. Let u(i) be the first derivative of 2*i**2 - 12*i + 18. Let j be u(2). Give t(j).
6
Let c(d) = 37*d**3 + 20*d**2 + 19*d - 170. Let x(p) = 13*p**3 + 7*p**2 + 7*p - 60. Let y(g) = 6*c(g) - 17*x(g). Give y(-4).
-28
Suppose m + 17 - 4 = 0. Let g = m + 14. Let p(t) = 39*t**2 + 1 + 31*t**2 - t - 75*t**2. Calculate p(g).
-5
Let l(x) be the third derivative of x**5/30 + 5*x**4/24 + x**3/6 - 10*x**2. Let m = -11119 + 11123. Determine l(m).
53
Suppose 0 = 5*b + 3*h + 14, -47*b - 4 = -49*b + 2*h. Let p(g) = 20*g - 2. Determine p(b).
-22
Let f(k) = 10*k**2 - 9822*k + 21 - 1 - k**3 + 9817*k - 2. Determine f(7).
130
Let d(s) = -13*s**2 + 53*s - 124. Let z(a) = -3*a**2 + 13*a - 31. Let u(r) = -2*d(r) + 9*z(r). Calculate u(3).
-7
Let q = 29340 + -29317. Let d(k) = k**3 - 24*k**2 + 20*k + 78. Calculate d(q).
9
Let l(a) be the third derivative of a**6/120 + 4*a**5/15 + a**4/24 + 5*a**3/3 - 64*a**2 + 5*a. Give l(-16).
-6
Let t(x) = 5781 - 2*x - 11541 + 5786. Give t(11).
4
Let i(p) = -33*p**2 + 26*p - 5. Let b(l) = 13*l**2 - 13*l + 1. Let f(g) = 5*b(g) + 2*i(g). Determine f(-13).
-5
Let o(n) = n**3 + n**2 - 6. Suppose -2 - 25 = -l + 5*a, 0 = 4*l - 3*a - 6. Determine o(l).
-24
Let g be (-1 - 29/87)/(8/6). Let w(c) = -3 - 7*c**3 + 0 + 2. Give w(g).
6
Let d(i) be the third derivative of -i**4/8 + i**3/6 - 75*i**2 - 4*i. Determine d(-7).
22
Let w(b) be the second derivative of 2 - 1/3*b**3 - 73*b - 4*b**2. Give w(-7).
6
Let q be (-1)/(1/(-6)*2). Let y(i) = 108*i + 434. Let a be y(-4). Let v(j) = -8*j + 14 - 3*j**a + j**q - 6 - 2*j**2. Calculate v(6).
-4
Let s(y) = -2*y**3 + 3*y**2 + 4*y + 1. Let m be (2 - 2 - 2)/(1/(-2)). Suppose -z = m*z. Suppose -15 = -5*a - z. Calculate s(a).
-14
Let z(q) = -q**2 + 6*q + 40. Let p be ((21 - 5) + -17)*(2/1 + -12). Calculate z(p).
0
Let h(t) = -243*t - 5616. Let f(c) = -19*c - 432. Let r(y) = -27*f(y) + 2*h(y). Give r(-16).
0
Let w(k) = 7*k**3 - 64*k**2 + 129*k - 387. Let n(z) = -8*z**3 + 63*z**2 - 128*z + 463. Let x(c) = -6*n(c) - 7*w(c). Give x(68).
-1
Let q(i) = -3*i - 67. Suppose 250 = -4*s - 6*s. Let l be q(s). Let b(x) = x**2 - 7*x - 3. Calculate b(l).
5
Suppose 0 = 3*u + 66 - 108. Suppose -u = 2*t + 5*x, -2*t = t + 4*x + 7. Let n(r) = r**2 + 0*r**2 - 4*r**t - 2*r**3 + 7*r**3 - 4. Calculate n(0).
-4
Let z be 50/20 + (-1521)/(-234). Let w(p) = 10*p**2 - 1 + 2*p**3 - 6*p - 4*p**3 - 5 + p**3. Calculate w(z).
21
Let w(z) = -9*z**2 - 8*z - 27. Let t(q) = 5*q**2 + 4*q + 14. Let x(c) = -11*t(c) - 6*w(c). Let i be 1195/15 + (-1)/(-3). Let a = i + -73. Determine x(a).
-13
Let p(l) = -2*l**3 + 5*l**2 + 6*l + 7. Suppose 100*r - 919*r = 3276. Calculate p(r).
191
Let z(i) = -i**3 - 6*i**2 + 26*i - 19. Let h be (-515)/35 + 15 + 32/(-14) + -7. Calculate z(h).
-10
Let i(h) = -h**3 + h - 2. Let x(s) = -3*s**3 - 8*s**2 - 3*s + 5. Let c = -286 + 285. Let j(a) = c*x(a) + 2*i(a). Determine j(-7).
5
Let h(t) be the first derivative of t**2/2 - 7*t - 1. Let i = 282 + -276. Let d(c) = -3*c + 23. Let s be d(i). Give h(s).
-2
Suppose 21*h = -1448 + 2225. Let r(d) = d**2 - 38*d + 30. Give r(h).
-7
Let u(n) be the first derivative of n**2/2 + 3*n - 184. Let z(x) = -3*x - 12. Let o(y) = 7*u(y) + 2*z(y). Determine o(6).
3
Let h(a) be the first derivative of -4*a**2 + 54*a + 1226. Give h(7).
-2
Let k(s) = -s**3 + 13*s**2 - 12*s - 17. Suppose -10 = 5*n, -300*n = 2*t - 299*n - 22. Determine k(t).
-17
Let z(l) be the third derivative of -2*l**5/15 + l**4/12 + 11*l**3/6 + 3101*l**2. Give z(-3).
-67
Let p(i) = -i**3 + 7*i**2 - 9*i + 8. Let s be ((-12)/1)/3*4. Let b = s - -17. Let l = b + 5. Give p(l).
-10
Let u(c) = 2*c + 13. Let d be 140/(-30)*6/(-4) - -3. Suppose -d*a + 4 = 104. Determine u(a).
-7
Let k be (170/(-35) + 5)*14. Let d(s) = 135*s**k - 4*s - 68*s**2 + 2 - 66*s**2. Give d(6).
14
Let t(v) = -8*v + 212665967 - 212665967 - v**2. Suppose 42 = -7*o + 2*o + b, -3*b + 6 = 0. Give t(o).
0
Let k(l) = 22*l - 34. Suppose -78 = 4*x - 28*x - 15*x. Determine k(x).
10
Let k(n) be the first derivative of n**5/60 - n**4/6 - n**3/6 - 63*n**2/2 + 27. Let x(f) be the second derivative of k(f). Calculate x(7).
20
Let c(x) be the second derivative of -x**5/20 - x**4 - 9*x**3/2 + 5*x**2/2 - 1063*x. Give c(-9).
5
Let c(u) = u**3 - 4*u**2 - 4*u - 3. Suppose 637*k - 638*k + 755 = 0. Suppose 0 = -o + 760 - k. Determine c(o).
2
Let f(d) = -2*d**2 - 3*d - 3. Let y be 7 + -2 - (-4 - (-5 - -4)). Suppose 6*n + 16 = -y. Let g be ((-56)/(-12) + n)/((-2)/6). Give f(g).
-5
Let r(b) be the third derivative of -b**6/120 - b**5/10 - 7*b**4/24 - 2*b**3/3 + 5*b**2. Let w be (16/(-18))/(60/270). Give r(w).
-8
Let g(m) be the first derivative of m**3 + 0*m**2 + 6 - 7/120*m**5 + 1/4*m**4 + 1/360*m**6 + 0*m. Let i(u) be the third derivative of g(u). Determine i(6).
0
Let f be 21/(-4) - 3/(-12). Let q(v) be the third derivative of -1/8*v**4 + 0 + 0*v - 1/2*v**3 - 25*v**2. Calculate q(f).
12
Suppose 4*y = -0*y + 32. Let r be -4 - 0*(-4)/y. Let k(z) = -148*z + 145*z - 5 - 1 + 2. Give k(r).
8
Let v(x) = -8*x**3 - 7*x - 2. Let c(s) = 16*s**3 + 17*s + 5. Let m(k) = -2*c(k) - 5*v(k). Let f be 1 + -2 - 2/(-1). What is m(f)?
9
Let i(q) = -2*q**2 - 23*q + 26. Let a = -2740 + 2728. Calculate i(a).
14
Suppose -1136 = 2*b + 69*b. Let z(o) = -9*o - 146. Calculate z(b).
-2
Let k(o) = o**3 + 6*o**2 + o - 13. Let r = -12070 + 12065. What is k(r)?
7
Let g be 10 - (-1 - -4) - 50. Suppose -2*t - 39 = -5*p + 53, -4*p + 90 = -2*t. Let n = g - t. Let u(c) = c**3 + 5*c**2 + 3*c. Determine u(n).
6
Suppose -b + 81 = -3*r + 121, 30 = 4*r + 2*b. Let w(l) = l**2 - 12*l - 23. Give w(r).
-34
Let f(b) = b**3 - 10*b**2 + 8*b + 14. Let o(j) = j**2 + 10*j - 2. Let y = -237 + 226. Let l be o(y). Give f(l).
5
Let p(y) be the second derivative of -y**3/2 + y**2/2 + y - 159. Calculate p(3).
-8
Let v(g) = 0*g + 13017*g**3 - 13018*g**3 - 62 - 28*g**2 - 2*g. Calculate v(-28)